u) = 3*u**2 - 45*u + 110. What is m(12)?
2
Let a(k) = k**3 + 6*k**2 - 43*k - 96. Give a(-2).
6
Let v(j) = 76*j - 752. Determine v(10).
8
Let w(n) = -9*n**2 - 207*n - 127. Determine w(-22).
71
Let z(v) = -2*v**3 + 277*v**2 + 134*v + 611. Calculate z(139).
-84
Let s(i) = -578*i - 1682. What is s(-3)?
52
Let q(u) = -2*u**2 - 13*u + 755. Calculate q(21).
-400
Let u(h) = 60*h + 744. Calculate u(-13).
-36
Let o(r) = r**3 - 21*r**2 - 6*r + 59. Determine o(21).
-67
Let y(q) = 1514*q - 25778. Determine y(17).
-40
Let m(y) = -19*y - 1399. Determine m(-70).
-69
Let z(u) = u**3 - 21*u**2 + 82*u + 24. Determine z(14).
-200
Let q(a) = 4*a**2 - 495*a + 6045. Calculate q(110).
-5
Let s(v) = 3*v**2 + 444*v + 2202. Calculate s(-5).
57
Let a(i) = i**2 + 303*i - 2793. Give a(9).
15
Let z(a) = 1400*a - 5590. Give z(4).
10
Let f(u) = u**3 - 18*u**2 - 180*u - 40. Calculate f(-7).
-5
Let f(s) = 75*s + 4791. Calculate f(-64).
-9
Let t(m) = -83*m - 1648. Calculate t(-20).
12
Let b(c) = -3*c**2 + 341*c - 2027. Calculate b(6).
-89
Let c(j) = -160*j - 24. Calculate c(-1).
136
Let s(z) = -192*z + 1020. Give s(0).
1020
Let i(p) = -24*p + 559. Determine i(23).
7
Let n(f) = -3*f**3 + 3*f**2 - 14*f + 64. Calculate n(5).
-306
Let p(q) = 2*q**3 + 64*q**2 - 3*q - 109. Give p(-32).
-13
Let h(g) = 2*g - 58. What is h(-15)?
-88
Let n(l) = -17*l + 401. Give n(24).
-7
Let z(w) = -w**3 + 6*w**2 + 30*w - 21. What is z(9)?
6
Let z(j) = -3*j**2 - 913*j - 2717. Determine z(-3).
-5
Let u(j) = -428*j + 3823. Give u(9).
-29
Let j(g) = 3*g**3 - 138*g**2 + 131*g + 100. What is j(45)?
-80
Let r(a) = 1539*a - 3335. What is r(2)?
-257
Let j(c) = c**3 + 8*c**2 - c + 23. Determine j(-9).
-49
Let z(l) = l**3 - 35*l**2 - 27*l - 307. Give z(36).
17
Let a(j) = 4*j**3 + 95*j**2 - 77*j - 17. Give a(1).
5
Let t(y) = y**2 - 17*y - 120. What is t(0)?
-120
Let k(u) = 29*u - 2718. Give k(94).
8
Let b(r) = -25*r + 1090. Calculate b(43).
15
Let g(q) = q**2 + 13*q - 40. What is g(3)?
8
Let s(t) = -63*t + 1315. Give s(21).
-8
Let d(i) = -96*i + 2979. Give d(31).
3
Let f(h) = 108*h + 1737. Give f(-16).
9
Let t(v) = 10*v + 311. Calculate t(-35).
-39
Let d(k) = k**3 + 33*k**2 + 19*k + 1809. Give d(-34).
7
Let d(v) = 165*v + 811. Give d(-5).
-14
Let z(j) = -5*j**3 - 30*j**2 - 11*j - 62. Give z(-6).
4
Let q(n) = 6*n**2 + 425*n + 2293. Determine q(-65).
18
Let o(p) = 515*p + 3540. Give o(-7).
-65
Let w(y) = y**2 - 136*y - 2636. What is w(-17)?
-35
Let v(a) = 9*a**3 - 198*a**2 - a - 47. Give v(22).
-69
Let j(b) = -8*b**3 - 5*b**2 - 7*b - 3. What is j(-1)?
7
Let k(q) = -49*q + 639. What is k(12)?
51
Let w(z) = z**2 + 16*z + 2. Give w(-1).
-13
Let z(k) = -k**3 - 15*k**2 + 131*k + 1971. Determine z(-15).
6
Let f(c) = -6*c**2 + 26*c + 105. Calculate f(-6).
-267
Let j(x) = -782*x - 8598. What is j(-11)?
4
Let u(w) = -11*w**3 + 6*w**2 + 4*w - 3. Determine u(-1).
10
Let q(t) = -t**2 + 18*t - 49. What is q(20)?
-89
Let q(f) = -1340*f - 21428. Calculate q(-16).
12
Let p(r) = -r**2 + 40*r - 371. Determine p(16).
13
Let u(y) = 3*y**3 + 4*y**2 - 2*y - 11. Determine u(3).
100
Let i(g) = g**3 - 17*g**2 - 182*g + 408. What is i(24)?
72
Let k(u) = 2709*u - 10837. What is k(4)?
-1
Let j(f) = -672*f + 1338. What is j(2)?
-6
Let b(f) = 174*f**2 + 3525*f + 903. What is b(-20)?
3
Let c(y) = 175*y**2 + 32*y + 30. Calculate c(-1).
173
Let h(x) = 6127*x - 12260. What is h(2)?
-6
Let x(t) = -35*t**2 - 247*t - 11. Calculate x(-7).
3
Let b(q) = -q**2 + 31*q + 169. What is b(-5)?
-11
Let l(s) = 19*s**2 - 52*s - 95. Give l(-2).
85
Let o(g) = g**2 - 40*g - 282. Give o(-7).
47
Let c(g) = -15*g**3 + 8*g - 13. Calculate c(3).
-394
Let d(y) = -21526*y + 64565. Give d(3).
-13
Let y(w) = 5*w**3 + 162*w**2 - 75*w + 789. Determine y(-33).
-3
Let n(c) = 393*c**2 + 1962*c - 16. Give n(-5).
-1
Let j(c) = 6*c**2 - 199*c - 263. What is j(34)?
-93
Let l(d) = -1351*d + 160766. Give l(119).
-3
Let q(u) = -9*u**2 - 222*u + 488. What is q(2)?
8
Let t(c) = -93*c - 1202. Determine t(-13).
7
Let v(q) = -2*q**2 - 202*q - 881. Give v(-97).
-105
Let z(m) = -2*m - 92. What is z(-51)?
10
Let s(u) = u**3 - 5*u**2 - 27*u + 95. Give s(7).
4
Let c(z) = 4*z**3 - 20*z + 355. Give c(0).
355
Let x(g) = 12*g**3 - 9*g**2 + 21*g - 7. Determine x(2).
95
Let q(o) = 8*o**2 - 359*o + 305. What is q(44)?
-3
Let r(p) = -p**3 - 103*p**2 - 1092*p + 12. What is r(-12)?
12
Let f(d) = d**3 + 2*d**2 - 14*d - 31. What is f(0)?
-31
Let j(b) = -b**2 - 41*b + 566. What is j(11)?
-6
Let w(u) = 269*u - 1888. What is w(7)?
-5
Let l(n) = -257*n + 1010. Give l(4).
-18
Let z(g) = 224*g + 1699. Give z(-9).
-317
Let f(d) = -94*d - 2215. Calculate f(-23).
-53
Let f(r) = -351*r**3 + r**2 - r. Determine f(1).
-351
Let z(i) = -38*i - 1129. What is z(-30)?
11
Let o(w) = 84*w - 249. What is o(4)?
87
Let q(p) = -13*p + 723. What is q(52)?
47
Let b(w) = 53*w + 1067. What is b(-20)?
7
Let l(y) = -y**3 - 15*y**2 + 32*y - 27. Determine l(-17).
7
Let o(j) = -7*j**2 + 107*j - 35. What is o(15)?
-5
Let z(a) = 108*a + 1434. Calculate z(-13).
30
Let j(c) = c**3 + 16*c**2 - 2*c + 37. What is j(-17)?
-218
Let j(a) = -389*a - 1953. Give j(-5).
-8
Let d(u) = 402*u + 2543. Calculate d(-7).
-271
Let u(k) = 1821*k - 14568. What is u(8)?
0
Let m(w) = 69*w**2 + 413*w - 15. What is m(-6)?
-9
Let d(o) = -13*o + 24. Determine d(15).
-171
Let h(d) = -2*d**3 - 84*d**2 + 145*d + 6091. Give h(-42).
1
Let p(v) = -110*v + 959. Determine p(7).
189
Let l(i) = -3*i**2 + 43*i + 298. What is l(-7)?
-150
Let q(s) = s**3 - 13*s**2 - 252*s + 2249. Give q(20).
9
Let m(a) = -131*a - 8103. Calculate m(-62).
19
Let u(z) = z**2 + 143*z + 1131. What is u(-8)?
51
Let t(l) = l**2 + 9*l - 15. Give t(7).
97
Let p(r) = -2*r**2 + 39*r - 203. What is p(16)?
-91
Let j(s) = 1220*s + 50. What is j(0)?
50
Let o(h) = 35*h**2 - 282*h + 9. What is o(8)?
-7
Let x(a) = -163*a - 3521. Calculate x(-20).
-261
Let a(g) = g**3 - 191*g**2 - 1186*g + 787. Calculate a(197).
-1
Let k(l) = -l**3 + 14*l**2 + 163*l - 2271. Calculate k(13).
17
Let q(m) = -232*m + 5331. Give q(23).
-5
Let r(u) = -128*u**3 - 2*u**2 + 30*u - 29. Give r(1).
-129
Let z(r) = -2*r**3 + 11*r**2 - 15*r + 28. Determine z(4).
16
Let h(z) = -z**3 + 33*z**2 + 112*z - 34. What is h(36)?
110
Let k(a) = -146*a - 1315. What is k(-9)?
-1
Let d(b) = -59*b - 1769. Determine d(-30).
1
Let q(u) = -104*u**2 + 259*u - 521. What is q(2)?
-419
Let s(y) = 2*y**3 + 34*y**2 + 59*y - 15. What is s(-15)?
0
Let y(t) = t**3 - 49*t**2 - 54*t + 174. Give y(50).
-26
Let b(v) = v**3 - 14*v**2 - 53*v - 20. Calculate b(18).
322
Let d(l) = 8*l**2 + 7*l + 20. Calculate d(-5).
185
Let g(r) = r**2 + 40*r + 141. Calculate g(-36).
-3
Let g(y) = 3*y**3 - 3*y**2 - 5*y - 4. Determine g(3).
35
Let s(h) = -11*h**2 - 87*h - 490. Give s(-7).
-420
Let w(z) = -18*z - 177. What is w(-11)?
21
Let j(l) = -2950*l - 35391. What is j(-12)?
9
Let s(i) = 137*i + 419. Determine s(-3).
8
Let n(w) = -w**2 - 103*w + 415. Give n(4).
-13
Let q(g) = -10*g + 398. Calculate q(39).
8
Let c(v) = v**3 + 32*v**2 + 50*v - 300. Give c(-30).
0
Let x(c) = -c**3 - 15*c**2 - 21*c + 16. Calculate x(-13).
-49
Let g(l) = -3*l**2 - 11*l + 482. Give g(11).
-2
Let n(r) = 2*r**3 + 3*r**2 - 14*r - 32. What is n(-3)?
-17
Let i(h) = 6*h + 130. What is i(-37)?
-92
Let v(n) = 29*n**2 + 11*n - 12. Calculate v(1).
28
Let d(n) = -5*n**2 - 109*n + 1638. Calculate d(-32).
6
Let c(i) = 3*i**3 + 20*i**2 + 21*i + 116. Calculate c(-7).
-80
Let i(r) = -97*r - 331. Calculate i(-4).
57
Let o(u) = -u**3 + 9*u**2 + 20*u + 38. What is o(11)?
16
Let u(j) = 6*j**2 + 104*j + 36. What is u(-16)?
-92
Let u(g) = 34*g**2 + 277*g + 18. Determine u(-8).
-22
Let z(p) = -p**2 - 5*p + 215. Give z(-29).
-481
Let l(y) = 205*y**2 - 1427*y - 55. Give l(7).
1
Let q(z) = -3*z**3 - 2*z**2 - 9*z - 4. What is q(-2)?
30
Let w(i) = i**3 + 18*i**2 + 16*i + 1. Calculate w(-14).
561
Let a(o) = -o**3 - 50*o**2 - 2*o - 113. Determine a(-50).
-13
Let j(v) = v**3 + 26*v**2 - 238*v - 1474. Calculate j(-32).
-2
Let t(q) = -60*q + 231. What is t(4)?
-9
Let u(y) = 1148*y + 13777. What is u(-12)?
1
Let j(s) = 987*s - 4947. Calculate j(5).
-12
Let p(g) = -g**2 + 122*g - 2040. Calculate p(20).
0
Let f(w) = 26*w**3 - 3*w**2 + 2*w + 4. What is f(-1)?
-27
Let x(g) = -7*g + 96. What is x(21)?
-51
Let k(c) = c**3 - 43*c**2 - 223*c - 745. Determ